46692267 a prime number?
False
Is 1326974149 a composite number?
False
Is 1644257179 composite?
True
Is 125582727 prime?
False
Is 6464883389 a prime number?
True
Is 43294254797 a composite number?
False
Is 44472245843 prime?
False
Is 89031961079 prime?
True
Is 3523515907 a prime number?
True
Is 157119049147 prime?
False
Is 23299325999 a prime number?
True
Is 2408826949 a prime number?
False
Is 102618049063 composite?
True
Is 174465953 composite?
False
Is 2818191221 a prime number?
True
Is 1778037311 prime?
True
Is 2176906859 a prime number?
True
Is 1334729971 prime?
False
Is 9057103207 a prime number?
True
Is 2181137597 a composite number?
False
Is 72929090017 a prime number?
False
Is 2655316142 prime?
False
Is 8042700041 a composite number?
False
Is 16561397147 composite?
False
Is 117868801 composite?
False
Is 252654761 composite?
True
Is 2108121047 a prime number?
True
Is 2695900567 a prime number?
False
Is 8032475623 prime?
True
Is 63706607999 a prime number?
False
Is 45648836813 a prime number?
False
Is 150591398 a prime number?
False
Is 1423231477 composite?
True
Is 536379497 composite?
False
Is 230035621 composite?
False
Is 6240256303 a prime number?
False
Is 614886371 composite?
True
Is 141994343 prime?
True
Is 16288230113 a composite number?
False
Is 6323373311 composite?
False
Is 657844765 composite?
True
Is 6825521257 a prime number?
True
Is 1050656437 a prime number?
False
Is 989736037 a prime number?
True
Is 1121981137 a prime number?
False
Is 21221666938 prime?
False
Is 1262814647 a composite number?
False
Is 170531771 prime?
False
Is 124006011719 composite?
False
Is 175050523 a composite number?
False
Is 24484706 prime?
False
Is 234969949 a prime number?
False
Is 115533627743 composite?
True
Is 219041497 prime?
True
Is 50605220359 composite?
False
Is 2918670781 prime?
False
Is 74542774931 a composite number?
False
Is 401714849 prime?
False
Is 837646438 a prime number?
False
Is 22980863 a composite number?
True
Is 35916192461 a prime number?
False
Is 7940834999 composite?
False
Is 45899143 a composite number?
False
Is 175054171 composite?
True
Is 7270765322 prime?
False
Is 21945635489 a prime number?
True
Is 143712389 composite?
False
Is 15782938451 prime?
False
Is 49789519189 a prime number?
False
Is 396155209 composite?
True
Is 15598630589 composite?
True
Is 486810251 a composite number?
False
Is 164116217 a composite number?
False
Is 15571816171 prime?
True
Is 236151763 composite?
False
Is 713524997 prime?
True
Is 320242799 composite?
False
Is 4968014979 composite?
True
Is 22968244603 composite?
True
Is 2149761949 composite?
False
Is 392660273 composite?
True
Is 603487841 prime?
False
Is 102322650709 a composite number?
True
Is 220342710199 a composite number?
False
Is 1119914567 prime?
False
Is 101677061103 prime?
False
Is 4906810357 a prime number?
True
Is 7987434473 a composite number?
False
Is 157342153 prime?
False
Is 593762033 a prime number?
False
Is 126204873 prime?
False
Is 700808798 a prime number?
False
Is 4350689873 a composite number?
True
Is 36579797 prime?
True
Is 1182057941 a prime number?
True
Is 20858577 a prime number?
False
Is 4201777631 composite?
False
Is 307897517 prime?
False
Is 720248687 a composite number?
True
Is 236622461 a prime number?
False
Is 6880495261 prime?
True
Is 550391623 a composite number?
False
Is 57705394781 composite?
True
Is 12807698647 a prime number?
True
Is 5196853663 composite?
True
Is 585768199 prime?
True
Is 1355271143 prime?
True
Is 22028867755 prime?
False
Is 9281930351 a prime number?
False
Is 94306057611 composite?
True
Is 996446563 prime?
False
Is 8430852899 a composite number?
True
Is 30719402029 a prime number?
False
Is 21614553073 prime?
True
Is 55841561807 composite?
False
Is 18409478453 a composite number?
False
Is 251203423 a prime number?
False
Is 247506793789 a composite number?
False
Is 102934961281 prime?
True
Is 1921984699 prime?
False
Is 22984531 prime?
True
Is 121084501 prime?
False
Is 21688447423 a prime number?
True
Is 883748707 a prime number?
True
Is 7644743077 a composite number?
True
Is 312254401 composite?
True
Is 6847209478 prime?
False
Is 815100467 a composite number?
False
Is 1009063621 prime?
True
Is 335813221 a composite number?
True
Is 69713631293 a prime number?
True
Is 1720470097 a prime number?
False
Is 165508579 a composite number?
False
Is 24085923963 a composite number?
True
Is 37274893933 a prime number?
True
Is 983268569 prime?
False
Is 1984681 a prime number?
False
Is 308335319 a prime number?
False
Is 482131241 composite?
True
Is 1118849759 prime?
False
Is 2735666119 a prime number?
False
Is 2417982629 a composite number?
False
Is 74033035143 prime?
False
Is 1738091599 prime?
False
Is 306939499 a prime number?
False
Is 684935885 composite?
True
Is 12514792447 prime?
True
Is 2230787773 composite?
False
Is 1457044189 prime?
True
Is 2726430203 a prime number?
False
Is 141345889 a prime number?
True
Is 441946529279 a composite number?
False
Is 273997994 a prime number?
False
Is 199601356627 composite?
False
Is 417293993 prime?
True
Is 42533488259 composite?
True
Is 579535757 a composite number?
True
Is 39802966333 a prime number?
False
Is 1262349823 composite?
True
Is 54962696591 composite?
True
Is 116004643 a composite number?
False
Is 9136288487 a prime number?
False
Is 3584039647 a prime number?
False
Is 9180280429 prime?
False
Is 34798400861 a prime number?
False
Is 16607290853 a composite number?
True
Is 51169368837 composite?
True
Is 9497990129 a composite number?
True
Is 783284521 a prime number?
False
Is 476011801 composite?
True
Is 340639898 composite?
True
Is 296270411 prime?
False
Is 12375209285 a prime number?
False
Is 7634591893 a prime number?
False
Is 4553689177 prime?
True
Is 3165682823 prime?
True
Is 8790066499 a composite number?
False
Is 129296030299 a composite number?
True
Is 2002018511 a composite number?
True
Is 4805765117 prime?
True
Is 2579315665 a composite number?
True
Is 1593453893 a prime number?
True
Is 57697574027 prime?
True
Is 748773251 a prime number?
True
Is 945334331 a composite number?
False
Is 628850197 a prime number?
True
Is 620622281 a composite number?
True
Is 4631506771 prime?
True
Is 3503751137 a prime number?
True
Is 224006681 a prime number?
False
Is 301814003 prime?
True
Is 1245696959 prime?
False
Is 2721515215 prime?
False
Is 6013073579 a prime number?
True
Is 26863393 a prime number?
True
Is 19624536731 composite?
True
Is 128454061 a composite number?
False
Is 26834213563 prime?
True
Is 94267245299 a composite number?
False
Is 944547449 prime?
True
Is 41642099 prime?
False
Is 226998913 composite?
True
Is 3045460013 a prime number?
False
Is 13160851243 composite?
False
Is 595565969 a composite number?
True
Is 1915606241 composite?
True
Is 14853349729 a composite number?
True
Is 1119695581 a composite number?
True
Is 7821313841 prime?
False
Is 1710716191 a composite number?
False
Is 299473301 a prime number?
False
Is 66295206259 prime?
True
Is 76617965573 prime?
True
Is 638918531 prime?
False
Is 76573421039 composite?
False
Is 2043995453 prime?
True
Is 2076536699 composite?
False
Is 187812329 a composite number?
True
Is 2012022197 a composite number?
False
Is 1956941447 prime?
False
Is 7849892863 prime?
False
Is 378070837 a composite number?
True
Is 16888382499 a prime number?
False
Is 7085385787 a composite number?
False
Is 1172807863 a composite number?
False
Is 1686163447 a prime number?
True
Is 293101583 prime?
True
Is 330459261247 composite?
False
Is 323735399 a prime number?
False
Is 309228723619 composite?
False
Is 2400191809 a composite number?
True
Is 3338970509 a composite number?
True
Is 4023272083 a composite number?
False
Is 8834158507 a composite number?
False
Is 2115405233 composite?
False
Is 2010235249 a composite number?
True
Is 3950386915 a prime number?
False
Is 1375386823 a prime number?
False
Is 815642647 a composite number?
False
Is 18482119741 composite?
True
Is 5404814989 a prime number?
False
Is 2141814589 composite?
False
Is 1044254455 a prime number?
False
Is 11733313971 composite?
True
Is 7775399459 a prime number?
False
Is 1707700219 composite?
True
Is 451903307789 composite?
True
Is 27480361283 a prime number?
True
Is 37043512041 composite?
True
Is 12488905217 c